{"version":"1.0","provider_name":"Ecoescuela Abierta","provider_url":"https:\/\/eldiariodelaeducacion.com\/ecoescuela-abierta","title":"Malos tiempos para la l\u00edrica (\u00bfo no?) - Ecoescuela Abierta","type":"rich","width":600,"height":338,"html":"<blockquote class=\"wp-embedded-content\" data-secret=\"gNNcmayeUA\"><a href=\"https:\/\/eldiariodelaeducacion.com\/ecoescuela-abierta\/2023\/11\/07\/malos-tiempos-para-la-lirica-o-no\/\">Malos tiempos para la l\u00edrica (\u00bfo no?)<\/a><\/blockquote><iframe sandbox=\"allow-scripts\" security=\"restricted\" src=\"https:\/\/eldiariodelaeducacion.com\/ecoescuela-abierta\/2023\/11\/07\/malos-tiempos-para-la-lirica-o-no\/embed\/#?secret=gNNcmayeUA\" width=\"600\" height=\"338\" title=\"\u00abMalos tiempos para la l\u00edrica (\u00bfo no?)\u00bb \u2014 Ecoescuela Abierta\" data-secret=\"gNNcmayeUA\" frameborder=\"0\" marginwidth=\"0\" marginheight=\"0\" scrolling=\"no\" class=\"wp-embedded-content\"><\/iframe><script type=\"text\/javascript\">\n\/* <![CDATA[ *\/\n\/*! This file is auto-generated *\/\n!function(d,l){\"use strict\";l.querySelector&&d.addEventListener&&\"undefined\"!=typeof URL&&(d.wp=d.wp||{},d.wp.receiveEmbedMessage||(d.wp.receiveEmbedMessage=function(e){var t=e.data;if((t||t.secret||t.message||t.value)&&!\/[^a-zA-Z0-9]\/.test(t.secret)){for(var s,r,n,a=l.querySelectorAll('iframe[data-secret=\"'+t.secret+'\"]'),o=l.querySelectorAll('blockquote[data-secret=\"'+t.secret+'\"]'),c=new RegExp(\"^https?:$\",\"i\"),i=0;i<o.length;i++)o[i].style.display=\"none\";for(i=0;i<a.length;i++)s=a[i],e.source===s.contentWindow&&(s.removeAttribute(\"style\"),\"height\"===t.message?(1e3<(r=parseInt(t.value,10))?r=1e3:~~r<200&&(r=200),s.height=r):\"link\"===t.message&&(r=new URL(s.getAttribute(\"src\")),n=new URL(t.value),c.test(n.protocol))&&n.host===r.host&&l.activeElement===s&&(d.top.location.href=t.value))}},d.addEventListener(\"message\",d.wp.receiveEmbedMessage,!1),l.addEventListener(\"DOMContentLoaded\",function(){for(var e,t,s=l.querySelectorAll(\"iframe.wp-embedded-content\"),r=0;r<s.length;r++)(t=(e=s[r]).getAttribute(\"data-secret\"))||(t=Math.random().toString(36).substring(2,12),e.src+=\"#?secret=\"+t,e.setAttribute(\"data-secret\",t)),e.contentWindow.postMessage({message:\"ready\",secret:t},\"*\")},!1)))}(window,document);\n\/\/# sourceURL=https:\/\/eldiariodelaeducacion.com\/ecoescuela-abierta\/wp-includes\/js\/wp-embed.min.js\n\/* ]]> *\/\n<\/script>\n","thumbnail_url":"https:\/\/eldiariodelaeducacion.com\/ecoescuela-abierta\/wp-content\/uploads\/sites\/17\/2023\/10\/GettyImages-6707201321.jpg","thumbnail_width":1024,"thumbnail_height":747,"description":"Parece que no ganamos para sustos en educaci\u00f3n ambiental. Hace unos d\u00edas, nos levant\u00e1bamos de un sobresalto con la noticia de que el Consell de Mallorca sustitu\u00eda una actividad de educaci\u00f3n ambiental sobre cambio clim\u00e1tico por otra de caza, eliminando cualquier referencia a ese fen\u00f3meno de su cat\u00e1logo de actuaciones. La instituci\u00f3n afirmaba que la"}

Malos tiempos para la lírica (¿o no?) - Ecoescuela Abierta

<blockquote class="wp-embedded-content" data-secret="gNNcmayeUA"><a href="https://eldiariodelaeducacion.com/ecoescuela-abierta/2023/11/07/malos-tiempos-para-la-lirica-o-no/">Malos tiempos para la lírica (¿o no?)</a></blockquote><iframe sandbox="allow-scripts" security="restricted" src="https://eldiariodelaeducacion.com/ecoescuela-abierta/2023/11/07/malos-tiempos-para-la-lirica-o-no/embed/#?secret=gNNcmayeUA" width="600" height="338" title="«Malos tiempos para la lírica (¿o no?)» — Ecoescuela Abierta" data-secret="gNNcmayeUA" frameborder="0" marginwidth="0" marginheight="0" scrolling="no" class="wp-embedded-content"></iframe><script type="text/javascript">
/* <![CDATA[ */
/*! This file is auto-generated */
!function(d,l){"use strict";l.querySelector&&d.addEventListener&&"undefined"!=typeof URL&&(d.wp=d.wp||{},d.wp.receiveEmbedMessage||(d.wp.receiveEmbedMessage=function(e){var t=e.data;if((t||t.secret||t.message||t.value)&&!/[^a-zA-Z0-9]/.test(t.secret)){for(var s,r,n,a=l.querySelectorAll('iframe[data-secret="'+t.secret+'"]'),o=l.querySelectorAll('blockquote[data-secret="'+t.secret+'"]'),c=new RegExp("^https?:$","i"),i=0;i<o.length;i++)o[i].style.display="none";for(i=0;i<a.length;i++)s=a[i],e.source===s.contentWindow&&(s.removeAttribute("style"),"height"===t.message?(1e3<(r=parseInt(t.value,10))?r=1e3:~~r<200&&(r=200),s.height=r):"link"===t.message&&(r=new URL(s.getAttribute("src")),n=new URL(t.value),c.test(n.protocol))&&n.host===r.host&&l.activeElement===s&&(d.top.location.href=t.value))}},d.addEventListener("message",d.wp.receiveEmbedMessage,!1),l.addEventListener("DOMContentLoaded",function(){for(var e,t,s=l.querySelectorAll("iframe.wp-embedded-content"),r=0;r<s.length;r++)(t=(e=s[r]).getAttribute("data-secret"))||(t=Math.random().toString(36).substring(2,12),e.src+="#?secret="+t,e.setAttribute("data-secret",t)),e.contentWindow.postMessage({message:"ready",secret:t},"*")},!1)))}(window,document);
//# sourceURL=https://eldiariodelaeducacion.com/ecoescuela-abierta/wp-includes/js/wp-embed.min.js
/* ]]> */
</script>

Parece que no ganamos para sustos en educación ambiental. Hace unos días, nos levantábamos de un sobresalto con la noticia de que el Consell de Mallorca sustituía una actividad de educación ambiental sobre cambio climático por otra de caza, eliminando cualquier referencia a ese fenómeno de su catálogo de actuaciones. La institución afirmaba que la
