{"version":"1.0","provider_name":"Quererla es crearla","provider_url":"https:\/\/eldiariodelaeducacion.com\/quererla-es-crearla","title":"Tiempos de cambios - Quererla es crearla","type":"rich","width":600,"height":338,"html":"<blockquote class=\"wp-embedded-content\" data-secret=\"a4mhC9NWKn\"><a href=\"https:\/\/eldiariodelaeducacion.com\/quererla-es-crearla\/2024\/12\/05\/tiempos-de-cambios\/\">Tiempos de cambios<\/a><\/blockquote><iframe sandbox=\"allow-scripts\" security=\"restricted\" src=\"https:\/\/eldiariodelaeducacion.com\/quererla-es-crearla\/2024\/12\/05\/tiempos-de-cambios\/embed\/#?secret=a4mhC9NWKn\" width=\"600\" height=\"338\" title=\"\u00abTiempos de cambios\u00bb \u2014 Quererla es crearla\" data-secret=\"a4mhC9NWKn\" frameborder=\"0\" marginwidth=\"0\" marginheight=\"0\" scrolling=\"no\" class=\"wp-embedded-content\"><\/iframe><script type=\"text\/javascript\">\n\/* <![CDATA[ *\/\n\/*! This file is auto-generated *\/\n!function(d,l){\"use strict\";l.querySelector&&d.addEventListener&&\"undefined\"!=typeof URL&&(d.wp=d.wp||{},d.wp.receiveEmbedMessage||(d.wp.receiveEmbedMessage=function(e){var t=e.data;if((t||t.secret||t.message||t.value)&&!\/[^a-zA-Z0-9]\/.test(t.secret)){for(var s,r,n,a=l.querySelectorAll('iframe[data-secret=\"'+t.secret+'\"]'),o=l.querySelectorAll('blockquote[data-secret=\"'+t.secret+'\"]'),c=new RegExp(\"^https?:$\",\"i\"),i=0;i<o.length;i++)o[i].style.display=\"none\";for(i=0;i<a.length;i++)s=a[i],e.source===s.contentWindow&&(s.removeAttribute(\"style\"),\"height\"===t.message?(1e3<(r=parseInt(t.value,10))?r=1e3:~~r<200&&(r=200),s.height=r):\"link\"===t.message&&(r=new URL(s.getAttribute(\"src\")),n=new URL(t.value),c.test(n.protocol))&&n.host===r.host&&l.activeElement===s&&(d.top.location.href=t.value))}},d.addEventListener(\"message\",d.wp.receiveEmbedMessage,!1),l.addEventListener(\"DOMContentLoaded\",function(){for(var e,t,s=l.querySelectorAll(\"iframe.wp-embedded-content\"),r=0;r<s.length;r++)(t=(e=s[r]).getAttribute(\"data-secret\"))||(t=Math.random().toString(36).substring(2,12),e.src+=\"#?secret=\"+t,e.setAttribute(\"data-secret\",t)),e.contentWindow.postMessage({message:\"ready\",secret:t},\"*\")},!1)))}(window,document);\n\/\/# sourceURL=https:\/\/eldiariodelaeducacion.com\/quererla-es-crearla\/wp-includes\/js\/wp-embed.min.js\n\/* ]]> *\/\n<\/script>\n","thumbnail_url":"https:\/\/eldiariodelaeducacion.com\/quererla-es-crearla\/wp-content\/uploads\/sites\/24\/2024\/12\/dibu-Ra-para-Nacho-copia.jpeg","thumbnail_width":1280,"thumbnail_height":918,"description":"Las escuelas han sido consideradas, tradicionalmente, instituciones donde se encontraba la fuente de conocimiento de la que todo el alumnado, de forma homog\u00e9nea, ten\u00eda que nutrirse. Adem\u00e1s, las familias siempre estaban en segundo plano. A d\u00eda de hoy, esta percepci\u00f3n est\u00e1 cambiando. No solo las escuelas al ser reflejo de la sociedad actual son altamente"}

Las escuelas han sido consideradas, tradicionalmente, instituciones donde se encontraba la fuente de conocimiento de la que todo el alumnado, de forma homogénea, tenía que nutrirse. Además, las familias siempre estaban en segundo plano. A día de hoy, esta percepción está cambiando. No solo las escuelas al ser reflejo de la sociedad actual son altamente
