{"version":"1.0","provider_name":"Quererla es crearla","provider_url":"https:\/\/eldiariodelaeducacion.com\/quererla-es-crearla","title":"Algo nuevo nace - Quererla es crearla","type":"rich","width":600,"height":338,"html":"<blockquote class=\"wp-embedded-content\" data-secret=\"h6wr83Rky7\"><a href=\"https:\/\/eldiariodelaeducacion.com\/quererla-es-crearla\/2025\/12\/22\/algo-nuevo-nace\/\">Algo nuevo nace<\/a><\/blockquote><iframe sandbox=\"allow-scripts\" security=\"restricted\" src=\"https:\/\/eldiariodelaeducacion.com\/quererla-es-crearla\/2025\/12\/22\/algo-nuevo-nace\/embed\/#?secret=h6wr83Rky7\" width=\"600\" height=\"338\" title=\"\u00abAlgo nuevo nace\u00bb \u2014 Quererla es crearla\" data-secret=\"h6wr83Rky7\" frameborder=\"0\" marginwidth=\"0\" marginheight=\"0\" scrolling=\"no\" class=\"wp-embedded-content\"><\/iframe><script type=\"text\/javascript\">\n\/* <![CDATA[ *\/\n\/*! This file is auto-generated *\/\n!function(d,l){\"use strict\";l.querySelector&&d.addEventListener&&\"undefined\"!=typeof URL&&(d.wp=d.wp||{},d.wp.receiveEmbedMessage||(d.wp.receiveEmbedMessage=function(e){var t=e.data;if((t||t.secret||t.message||t.value)&&!\/[^a-zA-Z0-9]\/.test(t.secret)){for(var s,r,n,a=l.querySelectorAll('iframe[data-secret=\"'+t.secret+'\"]'),o=l.querySelectorAll('blockquote[data-secret=\"'+t.secret+'\"]'),c=new RegExp(\"^https?:$\",\"i\"),i=0;i<o.length;i++)o[i].style.display=\"none\";for(i=0;i<a.length;i++)s=a[i],e.source===s.contentWindow&&(s.removeAttribute(\"style\"),\"height\"===t.message?(1e3<(r=parseInt(t.value,10))?r=1e3:~~r<200&&(r=200),s.height=r):\"link\"===t.message&&(r=new URL(s.getAttribute(\"src\")),n=new URL(t.value),c.test(n.protocol))&&n.host===r.host&&l.activeElement===s&&(d.top.location.href=t.value))}},d.addEventListener(\"message\",d.wp.receiveEmbedMessage,!1),l.addEventListener(\"DOMContentLoaded\",function(){for(var e,t,s=l.querySelectorAll(\"iframe.wp-embedded-content\"),r=0;r<s.length;r++)(t=(e=s[r]).getAttribute(\"data-secret\"))||(t=Math.random().toString(36).substring(2,12),e.src+=\"#?secret=\"+t,e.setAttribute(\"data-secret\",t)),e.contentWindow.postMessage({message:\"ready\",secret:t},\"*\")},!1)))}(window,document);\n\/\/# sourceURL=https:\/\/eldiariodelaeducacion.com\/quererla-es-crearla\/wp-includes\/js\/wp-embed.min.js\n\/* ]]> *\/\n<\/script>\n","thumbnail_url":"https:\/\/eldiariodelaeducacion.com\/quererla-es-crearla\/wp-content\/uploads\/sites\/24\/2025\/12\/WhatsApp-Image-2024-04-17-at-17.36.21-1-copia-2.jpeg","thumbnail_width":1992,"thumbnail_height":756,"description":"Hace unos d\u00edas compartimos una ma\u00f1ana de reflexi\u00f3n con las familias de la asociaci\u00f3n \u201cNeurodiversos Castilla La Mancha\u201d, una nueva oportunidad para pensar d\u00f3nde estamos y d\u00f3nde queremos estar en relaci\u00f3n al derecho a una educaci\u00f3n inclusiva. Marta arranc\u00f3 compartiendo la realidad de su centro, ASPRONA en Almansa, una escuela de educaci\u00f3n especial que sabe"}

Hace unos días compartimos una mañana de reflexión con las familias de la asociación “Neurodiversos Castilla La Mancha”, una nueva oportunidad para pensar dónde estamos y dónde queremos estar en relación al derecho a una educación inclusiva. Marta arrancó compartiendo la realidad de su centro, ASPRONA en Almansa, una escuela de educación especial que sabe
